 r(k) be the second derivative of c(k). Determine r(-4).
5
Let i = 97 - 95. Let g(x) = -x**3 + 469 - 461 - x + 9*x - i*x**2 - 3*x**2. Suppose 3*h = 2*h - 6. Give g(h).
-4
Let j(l) = -l - 4 + 3 + 2*l**3 + 0*l**2 - l**2. Suppose 41*g + 18*g = -49*g - 108. Calculate j(g).
-3
Let t(u) be the third derivative of u**4/24 - u**3/3 + u**2. Let m(l) = -l + 12. Suppose -3*k = -0*k - 18. Let d be m(k). Calculate t(d).
4
Let y = 10 + -14. Let c(u) = -2*u + 7*u + u**2 - 3 - u. Calculate c(y).
-3
Let u(v) = 2*v**3 - v**2 + v - 1. Let x(h) = 9*h**3 - 2*h**2 + h - 3. Let y(k) = 5*u(k) - x(k). Give y(2).
2
Suppose 4*t = 2*v + 6*t - 14, 0 = 5*t - 5. Let j(a) = a. Let g(b) = -2*b + 3. Let l = -5 + 4. Let o(i) = l*g(i) - 3*j(i). Determine o(v).
-9
Let j(f) = -f**3 + 3*f**2 + 6*f - 6. Suppose 2*q = 3*q. Suppose 5*m + q = 5. Suppose x = 3 + m. What is j(x)?
2
Let l be 12/3 - (-2 + -3). Let i be (l - 9)/(2 + -5). Suppose i + 20 = 5*s. Let t(o) = o - 2. Calculate t(s).
2
Let x be (2/2)/(2/(-2)). Let v(h) be the third derivative of 3/8*h**4 - 4*h**2 + 0*h**3 + 0*h + 0. Give v(x).
-9
Suppose -39 = 7*k - 53. Let y(w) = 2*w**2 - w - 2. Determine y(k).
4
Let l(s) = -s + 12. Let a be l(8). Let p(o) = -o + 5 + o**2 - o - a*o. Suppose -2*v = -3*r - 11, -20*v + 16*v = -r - 17. Determine p(v).
-3
Let m be -3 + 5 + (-5 - -8). Let g(a) = a - 6. Give g(m).
-1
Suppose 167 = 6*v + 167. Let z(u) = -u**3 + 11. What is z(v)?
11
Suppose 0 = -7*i - 112 + 49. Let y(v) = -2*v**2 - 19*v - 3. Determine y(i).
6
Let y(a) = 2*a - 2. Let h = -4 - -23. Suppose 0 = 5*o - 1 - 34. Suppose -4*x - 2*s - o = -3*s, -2*s = 3*x + h. Give y(x).
-8
Let s(q) = q**3 - 6*q**2 - q + 8. Let g = -364 + 243. Let n = g - -171. Let x be 20/n + (-28)/(-5). Give s(x).
2
Let p(l) = 2*l + 197 + 190 - 391. Give p(2).
0
Suppose -2*r + 0*r + 5*m + 31 = 0, 25 = 5*r - 2*m. Let y(p) = -2*p - 8. Let u(f) = f + 7. Let x(g) = r*y(g) + 4*u(g). Calculate x(-6).
16
Let s(w) = -w**3 + 6*w**2 - 5. Let n = -330 + 335. Determine s(n).
20
Let v(c) = c**2 - 6*c + 1. Let q be 20/70 + 80/14. Let i be v(q). Let r(n) = n - 1. Give r(i).
0
Let k(m) = 5*m**3 - m. Let x(b) = -14*b**3 - b**2 + 3*b. Suppose 0 = 5*y - 5*q - 10, -5*y + 16 = -2*q. Let d(i) = y*x(i) + 11*k(i). Calculate d(-4).
-4
Suppose f - 2 - 2 = 0. Let d(b) = 5*b + 10. Suppose 18 - 3 = -3*k + 3*t, -4*k + 5*t = 24. Let c(s) = -s - 1. Let n(x) = k*d(x) - 6*c(x). Give n(f).
0
Let l(a) be the second derivative of -a**3/6 - 6*a**2 - 14*a + 5. Let q(b) = b**3 - 2*b**2 - b + 2. Let y be q(2). Suppose -2*j - 16 + 2 = y. Give l(j).
-5
Let j(x) = -2134 - x**2 - 2136 + 4272. Calculate j(-3).
-7
Let u(g) = -2*g - 3. Suppose -3*t + 94 + 23 = 0. Suppose -t = -7*b - 4. Calculate u(b).
-13
Suppose 5*k + 2 = 3*k. Let g be -3 + (-7)/k - 1. Let b(h) = -22*h**3 + 21*h**3 + 6 + 3*h**2 - 2. Determine b(g).
4
Let g = -327 + 324. Let d(u) = u**3 + 4*u**2 + u + 1. Give d(g).
7
Let x = -660 - -655. Let y(a) = -a - 4. What is y(x)?
1
Let i(a) = -a**3 + 2*a**2 - 2*a + 2. Let l = -28 - -20. Let m be (l/6 - -3)*-3. Let v be ((-2)/(-6))/(m/(-30)). Determine i(v).
-2
Let j(x) = x**2 + x - 5. Let y be (1 - -1)*6/4. Suppose -3*i + 17 = -v, -y*v + 9*i = 4*i + 39. Let u(f) = f + 8. Let z be u(v). Give j(z).
-5
Let p(y) = -y**2 - 10*y - 2. Let v = -1247 - -1239. Calculate p(v).
14
Let l(f) be the second derivative of -f**6/720 + f**5/40 - f**4/4 + 7*f. Let q(w) be the third derivative of l(w). Suppose 9 - 21 = -2*o. Determine q(o).
-3
Let s(u) = 7*u**2 - u - 2. Let b be s(-1). Let d be b/4 - 6/4. Suppose 3*q + 3 = -d. Let i(n) = -6*n. Determine i(q).
6
Let v(r) = -7*r**3 - r**2 + r - 26. Let d(s) = -8*s**3 - s**2 + s - 25. Let f(j) = -6*d(j) + 7*v(j). What is f(0)?
-32
Let q(f) be the second derivative of 0*f**2 + 0 - 1/6*f**3 + 7*f. Calculate q(-2).
2
Let d(s) be the first derivative of -s**3/3 + 4. Let a = -4 - -4. Suppose 3*x = -a*x. Give d(x).
0
Suppose 0 = -23*j + 31*j - 96. Let k(y) = y - 7. Determine k(j).
5
Suppose 2*d + 12 = 2*i, -7 + 1 = -2*i. Let g(b) be the second derivative of 2*b**2 - 1/6*b**4 + 0*b**3 - 1/20*b**5 + 6*b + 0. What is g(d)?
13
Let x(c) = c**3 + 4*c**2 - 4*c - 5. Let u(j) = 8*j - 30. Let s(z) = 4*z - 15. Let f(l) = -5*s(l) + 2*u(l). Let w be f(5). Determine x(w).
-10
Let c(m) = -3*m**2 - 7*m - 4. Suppose -2*y - 2*x - 20 = y, 4*x = -16. What is c(y)?
-24
Let d(f) be the second derivative of f**4/12 - f**3 + f**2/2 + f. Suppose y + 4*l + 25 = 0, 3*l + 8 = -l. Let a = y - -23. Give d(a).
1
Let f(t) = t**3 - 13*t**2 + 2*t - 4. Let d = 2455 - 2442. What is f(d)?
22
Let r(l) = 5*l + 3. Let h = 46 + -16. Suppose -h + 39 = p. Suppose -s + 11 = s + 5*n, 3*s - n + p = 0. Give r(s).
-7
Let b(u) = -4*u + 8. Let j(q) = -q**2 + 21*q - 26. Let i be j(20). What is b(i)?
32
Let a be -2 + 1 + 1 + 0. Suppose a*u + 15 = -3*u. Let o(i) = i**2 - 5*i - 4 + 9 + 14*i - 3*i. Give o(u).
0
Let y(u) be the second derivative of -1/6*u**3 + 1/2*u**2 - 12*u + 0. What is y(5)?
-4
Let z(a) = a**2 + 2*a - 27. Let i be z(0). Let d = i - -27. Let o(u) = d - u + 0*u + 5 + 2*u. Determine o(-6).
-1
Let t(q) = -q**2 - 6*q + 1. Suppose -3*o - 93 = -3*u, 4*u + o = -2*o + 145. Let i = u - 40. Determine t(i).
1
Let v(o) be the third derivative of -o**7/2520 - o**6/120 - o**5/30 + o**4/3 + 4*o**2. Let k(d) be the second derivative of v(d). Calculate k(-5).
1
Let s(y) = y - 1. Let p be (-14)/91 + 189/(-39). Calculate s(p).
-6
Let i(w) be the first derivative of w**4/4 - 8*w**3/3 + w**2/2 - 6*w - 276. Let g be -4 - (-1 - (-22)/(-2)). What is i(g)?
2
Let y(r) = -r**3 + 11*r**2 - 14*r + 15. Suppose -10 = -w + 2*f, 3*f - 40 = -4*w - 0*f. Determine y(w).
-25
Suppose 8*o = 6*o - 40. Let t be 8/(-4)*o/(-8). Let q(n) = -n**2 - 5*n - 6. Determine q(t).
-6
Let x(w) = -w**2 - 6*w + 7. Let i be x(-5). Let n be (-3)/(-2)*64/i. Let h(t) = t + 2 - t - n - t. Calculate h(0).
-6
Let n(r) = r - 116*r**2 + r**3 + 2*r + 122*r**2 + 4*r. Let h(p) = 8*p - 3. Let i be h(3). Let z be 2/(i/(-15) - -1). Determine n(z).
-10
Let k(i) = -6*i + 6. Let c = -271 + 265. Give k(c).
42
Let w be (-1)/(-2*4/24). Suppose 0 = w*y - 15. Let z(g) = 7*g - 4. Give z(y).
31
Let w be 12/(-28) - 572/(-28). Suppose 7*y = 12*y - w. Let f(p) = -p + 7. Let h be f(y). Let t(a) = -3*a + 2. Calculate t(h).
-7
Let r(v) be the third derivative of -v**6/120 + v**5/10 - 5*v**4/24 - 2*v**3/3 + 71*v**2 - 5. Suppose u = -4*m + 2*u + 23, 5*m - 5*u = 40. Determine r(m).
-4
Let h(x) = x**3 + 4*x**2 - 4*x + 1. Let w be (8/(-7))/(12/42). What is h(w)?
17
Let s(l) = l**3 - 3*l**2 - l + 2. Suppose 5*t = -4*h + 59, -4*h + 4*t = -0*t - 104. Let r = 23 - h. Calculate s(r).
-4
Let b(r) = -r**2 + 3*r + 7. Let f(h) be the second derivative of h**3 - 7*h**2/2 - 7*h. Let l be f(2). Determine b(l).
-3
Let m(v) = -v**2 + 1. Let k(p) = 20*p**2 + 33*p - 11. Let s(i) = 5*i**2 + 8*i - 3. Let r(w) = 2*k(w) - 9*s(w). Let j(d) = -6*m(d) + r(d). Calculate j(6).
-1
Let o(s) = s**3 + 8*s**2 + 7*s + 4. Suppose -16*p = -35*p + 38. Let m = -4 - -6. Suppose -4*b - 6 = -p*z, m*z + 0*z - b = -9. Give o(z).
4
Let z(r) = 5*r - 1. Suppose 96*c = 80*c + 48. Calculate z(c).
14
Let x(u) = 4*u**2 + 8*u - 7. Let v(h) = -h**2 - 2*h + 2. Let d(o) = -9*v(o) - 2*x(o). Suppose 2*g = 4*c + 6, 3 = -c - 0*c. Calculate d(g).
-1
Suppose -8*k = -19*k + 22. Let j(h) = h**3 - h**2 + 3*h - 2. Calculate j(k).
8
Let t(i) be the first derivative of i**2/2 - i - 1. Let d be (-76)/(-6) - (-2)/6. Suppose -9*o = -d*o + 4. Determine t(o).
0
Let x(z) = z + 1. Let f(y) be the first derivative of -y**2/2 - y - 5. Let l(d) = -2*f(d) - x(d). Let v(i) = 5*i + 2. Let k(c) = -3*l(c) + v(c). Calculate k(2).
3
Let a(d) = -5*d - 2*d - 1 + 4*d. Let o = 319 + -322. Calculate a(o).
8
Let j(v) = -v**3 - v**2 - 2*v - 2. Let w(m) = -37*m - 4. Let l be w(-1). Let s = -35 + l. Give j(s).
6
Let j be 26/12 + 3*(-4)/72. Let i(z) = -1 - j*z + 2*z - 7*z + 3*z. Determine i(-2).
7
Let z(v) be the first derivative of 6*v**2 - 6*v - 32. Determine z(4).
42
Let i(y) = y**2 - y - 3. Let d be 92/9 + (-4)/18. Let c = d + -11. Let h be 0/((-3)/(-3)*c). Calculate i(h).
-3
Let l(q) = q**3 - 1 + 2 + 2 + 2*q**2 + 4*q + 2*q**2. Let t be l(-2). Let o(s) = -t*s**2 - 1 - 6*s + 2*s**2 + 9*s. Determine o(2).
1
Let l(j) = 3 + j**2 - 78*j + 85*j - 4 - 3. Calculate l(-7).
-4
Let s(n) = n - 11. Le